{"id":311,"date":"2022-08-17T22:26:33","date_gmt":"2022-08-17T20:26:33","guid":{"rendered":"https:\/\/wp801108.luwp-s094.letuswordpress.de\/?page_id=311"},"modified":"2026-02-23T23:23:27","modified_gmt":"2026-02-23T22:23:27","slug":"playlist","status":"publish","type":"page","link":"https:\/\/radio-tempore.wp-name.de\/index.php\/programm\/playlist\/","title":{"rendered":"Playlist"},"content":{"rendered":"\n<p>Ihr wollt wissen, wie ein bestimmter Titel oder Interpret hie\u00df, der in meinen Webradios lief? <\/p>\n\n\n\n<p>Die letzten 7 Tage k\u00f6nnt Ihr nachsehen. <\/p>\n\n\n\n<p>Bitte w\u00e4hlt den Sender:<\/p>\n\n\n\n<div class=\"wp-block-buttons is-layout-flex wp-block-buttons-is-layout-flex\">\n<div class=\"wp-block-button has-custom-width wp-block-button__width-50 is-style-outline is-style-outline--1\"><a class=\"wp-block-button__link has-black-color has-text-color has-background has-link-color wp-element-button\" href=\"https:\/\/radio-tempore.wp-name.de\/index.php\/programm\/playlist\/playlist-radio-tempore\/\" style=\"border-radius:100px;background:radial-gradient(rgba(252,185,0,1) 0%,rgba(255,105,0,1) 100%)\" target=\"_blank\" rel=\"noreferrer noopener\">Radio-Tempore<\/a><\/div>\n\n\n\n<div class=\"wp-block-button has-custom-width wp-block-button__width-50 is-style-outline is-style-outline--2\"><a class=\"wp-block-button__link has-black-color has-pale-ocean-gradient-background has-text-color has-background has-link-color wp-element-button\" href=\"https:\/\/radio-tempore.wp-name.de\/index.php\/programm\/playlist\/playlist-mixx21\/\" style=\"border-radius:100px\" target=\"_blank\" rel=\"noreferrer noopener\">Mixx21<\/a><\/div>\n<\/div>\n\n\n\n<p><\/p>\n\n\n\n<p><\/p>\n","protected":false},"excerpt":{"rendered":"<p>Ihr wollt wissen, wie ein bestimmter Titel oder Interpret hie\u00df, der in meinen Webradios lief? Die letzten 7 Tage k\u00f6nnt Ihr nachsehen. Bitte w\u00e4hlt den Sender:<\/p>\n","protected":false},"author":1,"featured_media":66,"parent":45,"menu_order":3,"comment_status":"closed","ping_status":"closed","template":"template-home.php","meta":{"saved_in_kubio":false,"advanced_seo_description":"","jetpack_seo_html_title":"","jetpack_seo_noindex":false,"footnotes":""},"class_list":["post-311","page","type-page","status-publish","has-post-thumbnail","hentry"],"kubio_ai_page_context":{"short_desc":"","purpose":"general"},"jetpack_likes_enabled":true,"jetpack_sharing_enabled":true,"_links":{"self":[{"href":"https:\/\/radio-tempore.wp-name.de\/index.php\/wp-json\/wp\/v2\/pages\/311","targetHints":{"allow":["GET"]}}],"collection":[{"href":"https:\/\/radio-tempore.wp-name.de\/index.php\/wp-json\/wp\/v2\/pages"}],"about":[{"href":"https:\/\/radio-tempore.wp-name.de\/index.php\/wp-json\/wp\/v2\/types\/page"}],"author":[{"embeddable":true,"href":"https:\/\/radio-tempore.wp-name.de\/index.php\/wp-json\/wp\/v2\/users\/1"}],"replies":[{"embeddable":true,"href":"https:\/\/radio-tempore.wp-name.de\/index.php\/wp-json\/wp\/v2\/comments?post=311"}],"version-history":[{"count":3,"href":"https:\/\/radio-tempore.wp-name.de\/index.php\/wp-json\/wp\/v2\/pages\/311\/revisions"}],"predecessor-version":[{"id":1430,"href":"https:\/\/radio-tempore.wp-name.de\/index.php\/wp-json\/wp\/v2\/pages\/311\/revisions\/1430"}],"up":[{"embeddable":true,"href":"https:\/\/radio-tempore.wp-name.de\/index.php\/wp-json\/wp\/v2\/pages\/45"}],"wp:featuredmedia":[{"embeddable":true,"href":"https:\/\/radio-tempore.wp-name.de\/index.php\/wp-json\/wp\/v2\/media\/66"}],"wp:attachment":[{"href":"https:\/\/radio-tempore.wp-name.de\/index.php\/wp-json\/wp\/v2\/media?parent=311"}],"curies":[{"name":"wp","href":"https:\/\/api.w.org\/{rel}","templated":true}]}}