{"id":136,"date":"2022-05-08T23:54:39","date_gmt":"2022-05-08T21:54:39","guid":{"rendered":"https:\/\/wp801108.luwp-s094.letuswordpress.de\/?page_id=136"},"modified":"2024-01-28T23:38:24","modified_gmt":"2024-01-28T22:38:24","slug":"unterstuetzung-2","status":"publish","type":"page","link":"https:\/\/radio-tempore.wp-name.de\/index.php\/unterstuetzung\/unterstuetzung-2\/","title":{"rendered":"Unterst\u00fctzung"},"content":{"rendered":"\n<p>Meine beiden Webradios sind nicht kommerzielle Projekte ohne Gewinninteresse. Die Gestaltung des Programmes ist ein Hobby. Die Werbung, die zeitweise l\u00e4uft wird vom Betreiber und Lizenzinhaber des Radiostreams, der Laut AG, Konstanz geschaltet. Daf\u00fcr erh\u00e4lt er von den Werbenden eine Verg\u00fctung, mit der die Laut AG ihre Technik finanziert und die Lizenzabgaben an GVL und GEMA leistet.<\/p>\n\n\n\n<p>F\u00fcr mich entstehen trotzdem noch Kosten, die schnell die finanzielle Grenze eines Hobbyprojektes erreichen. Investitionen in Musikzuk\u00e4ufen, Ausstattung, Strom, VDSL-Leitung etc. sind erforderlich um meine Webradios unabh\u00e4ngig weiter laufen zu lassen. <\/p>\n\n\n\n<p>Bei der Finanzierung der beiden Webradios unterst\u00fctzen mich wunderbare Spender. Vielen Dank daf\u00fcr. Gemeinsam erm\u00f6glichen also die Unterst\u00fctzer und ich diese Sender. Wenn Ihr Spa\u00df an meinem Radios habt und gern noch \u00f6fter davon h\u00f6ren m\u00f6chtet, k\u00f6nnt Ihr Euch mit einer Spende an diesem Projekt beteiligen. Die daf\u00fcr \u00fcbliche Formulierung in den USA z.B.  gef\u00e4llt mir gut:  &#8218;kauf&#8216; mir doch &#8217;nen Kaffee&#8216;.<\/p>\n\n\n\n<p>Ich freue mich \u00fcber jede Spende, die ich sofort wieder in diese Webradios investiere. Versprochen ist versprochen und wird nicht gebrochen! Einen &#8218;Kaffee f\u00fcr mich kaufen&#8216; k\u00f6nnt Ihr \u00fcber PayPal oder mit Kreditkarte oder Sofort\u00fcberweisung (wird auch von PayPal abgewickelt). Nutzt dazu bitte die unten eingef\u00fcgten Links.<\/p>\n\n\n\n<p>Vielen Dank f\u00fcr Eure Unterst\u00fctzung. Ihr helft mir damit, das Programm von Radio Tempore und meinem zweiten Webradio Mixx21 noch besser zu machen.<\/p>\n\n\n\n<div class=\"wp-block-columns is-layout-flex wp-container-core-columns-is-layout-9d6595d7 wp-block-columns-is-layout-flex\">\n<div class=\"wp-block-column is-layout-flow wp-block-column-is-layout-flow\">\n<form action=\"https:\/\/www.paypal.com\/donate\" method=\"post\" target=\"_top\">\n<input type=\"hidden\" name=\"hosted_button_id\" value=\"8YDK9S9C26ZLY\">\n<input type=\"image\" src=\"https:\/\/www.paypalobjects.com\/de_DE\/DE\/i\/btn\/btn_donateCC_LG.gif\" border=\"0\" name=\"submit\" title=\"PayPal - The safer, easier way to pay online!\" alt=\"Spenden mit dem PayPal-Button\">\n<img loading=\"lazy\" decoding=\"async\" alt=\"\" border=\"0\" src=\"https:\/\/www.paypal.com\/de_DE\/i\/scr\/pixel.gif\" width=\"1\" height=\"1\">\n<\/form>\n<\/div>\n\n\n\n<div class=\"wp-block-column is-layout-flow wp-block-column-is-layout-flow\">\n<figure class=\"wp-block-image size-full is-style-default\"><img loading=\"lazy\" decoding=\"async\" width=\"128\" height=\"128\" src=\"https:\/\/wp801108.luwp-s094.letuswordpress.de\/wp-content\/uploads\/2022\/05\/QR-Code.png\" alt=\"\" class=\"wp-image-205\" srcset=\"https:\/\/radio-tempore.wp-name.de\/wp-content\/uploads\/2022\/05\/QR-Code.png 128w, https:\/\/radio-tempore.wp-name.de\/wp-content\/uploads\/2022\/05\/QR-Code-70x70.png 70w, https:\/\/radio-tempore.wp-name.de\/wp-content\/uploads\/2022\/05\/QR-Code-125x125.png 125w\" sizes=\"(max-width: 128px) 100vw, 128px\" \/><\/figure>\n<\/div>\n<\/div>\n\n\n<div class=\"wp-block-image is-style-default\">\n<figure class=\"aligncenter size-full\"><img loading=\"lazy\" decoding=\"async\" width=\"640\" height=\"423\" src=\"https:\/\/wp801108.luwp-s094.letuswordpress.de\/wp-content\/uploads\/2022\/12\/Danke.jpg\" alt=\"\" class=\"wp-image-480\" srcset=\"https:\/\/radio-tempore.wp-name.de\/wp-content\/uploads\/2022\/12\/Danke.jpg 640w, https:\/\/radio-tempore.wp-name.de\/wp-content\/uploads\/2022\/12\/Danke-300x198.jpg 300w\" sizes=\"(max-width: 640px) 100vw, 640px\" \/><\/figure>\n<\/div>","protected":false},"excerpt":{"rendered":"<p>Meine beiden Webradios sind nicht kommerzielle Projekte ohne Gewinninteresse. Die Gestaltung des Programmes ist ein Hobby. Die Werbung, die zeitweise l\u00e4uft wird vom Betreiber und Lizenzinhaber des Radiostreams, der Laut AG, Konstanz geschaltet. Daf\u00fcr erh\u00e4lt er von den Werbenden eine Verg\u00fctung, mit der die Laut AG ihre Technik finanziert und die Lizenzabgaben an GVL und [&hellip;]<\/p>\n","protected":false},"author":1,"featured_media":477,"parent":115,"menu_order":1,"comment_status":"closed","ping_status":"closed","template":"template-home.php","meta":{"saved_in_kubio":false,"advanced_seo_description":"","jetpack_seo_html_title":"","jetpack_seo_noindex":false,"footnotes":""},"class_list":["post-136","page","type-page","status-publish","has-post-thumbnail","hentry"],"kubio_ai_page_context":{"short_desc":"","purpose":"general"},"jetpack_likes_enabled":true,"jetpack_sharing_enabled":true,"_links":{"self":[{"href":"https:\/\/radio-tempore.wp-name.de\/index.php\/wp-json\/wp\/v2\/pages\/136","targetHints":{"allow":["GET"]}}],"collection":[{"href":"https:\/\/radio-tempore.wp-name.de\/index.php\/wp-json\/wp\/v2\/pages"}],"about":[{"href":"https:\/\/radio-tempore.wp-name.de\/index.php\/wp-json\/wp\/v2\/types\/page"}],"author":[{"embeddable":true,"href":"https:\/\/radio-tempore.wp-name.de\/index.php\/wp-json\/wp\/v2\/users\/1"}],"replies":[{"embeddable":true,"href":"https:\/\/radio-tempore.wp-name.de\/index.php\/wp-json\/wp\/v2\/comments?post=136"}],"version-history":[{"count":0,"href":"https:\/\/radio-tempore.wp-name.de\/index.php\/wp-json\/wp\/v2\/pages\/136\/revisions"}],"up":[{"embeddable":true,"href":"https:\/\/radio-tempore.wp-name.de\/index.php\/wp-json\/wp\/v2\/pages\/115"}],"wp:featuredmedia":[{"embeddable":true,"href":"https:\/\/radio-tempore.wp-name.de\/index.php\/wp-json\/wp\/v2\/media\/477"}],"wp:attachment":[{"href":"https:\/\/radio-tempore.wp-name.de\/index.php\/wp-json\/wp\/v2\/media?parent=136"}],"curies":[{"name":"wp","href":"https:\/\/api.w.org\/{rel}","templated":true}]}}